{"id":603,"date":"2009-03-26T11:39:47","date_gmt":"2009-03-26T09:39:47","guid":{"rendered":"http:\/\/www.nickl3ss.de\/?page_id=603"},"modified":"2009-06-23T17:11:18","modified_gmt":"2009-06-23T15:11:18","slug":"myminicity","status":"publish","type":"page","link":"https:\/\/www.nikl3ss.de\/?page_id=603","title":{"rendered":"Myminicity &#038; My Brute"},"content":{"rendered":"<p>Als Spielkind habe ich meine eigene Web-Stadt, die durch Seitenaufrufe w\u00e4chst:  {minicity}<\/p>\n<p>Vom Gleichen Anbieter gibt es auch ein Kampfspiel:<\/p>\n<p><a href=\"http:\/\/nickless1982.mybrute.com\" target=\"_blank\"><strong>My Brute<\/strong><\/a><\/p>\n<p>&#8230;und ich habe ein paar K\u00e4mpfer laufen:<\/p>\n<table border=\"0\">\n<tbody>\n<tr>\n<td colspan=\"3\"><a href=\"http:\/\/nickless1982.mybrute.com\/cellule\" target=\"_blank\">nickless1982<\/a><\/td>\n<td><a href=\"http:\/\/nickless1982.mybrute.com\/arene\" target=\"_blank\">K\u00e4mpf!<\/a><\/td>\n<\/tr>\n<tr>\n<td>.<\/td>\n<td colspan=\"2\"><a href=\"http:\/\/balldragon.mybrute.com\/cellule\" target=\"_blank\">balldragon<\/a><\/td>\n<td><a href=\"http:\/\/balldragon.mybrute.com\/arene\" target=\"_blank\">K\u00e4mpf!<\/a><\/td>\n<\/tr>\n<tr>\n<td>.<\/td>\n<td>.<\/td>\n<td><a href=\"http:\/\/nihaolinmoensch.mybrute.com\/cellule\" target=\"_blank\">nihaolinmoensch<\/a><\/td>\n<td><a href=\"http:\/\/nihaolinmoensch.mybrute.com\/arene\" target=\"_blank\">K\u00e4mpf!<\/a><\/td>\n<\/tr>\n<tr>\n<td>.<\/td>\n<td colspan=\"2\"><a href=\"http:\/\/kloekloen.mybrute.com\/cellule\" target=\"_blank\">kloekloen<\/a><\/td>\n<td><a href=\"http:\/\/kloekloen.mybrute.com\/arene\" target=\"_blank\">K\u00e4mpf!<\/a><\/td>\n<\/tr>\n<tr>\n<td>.<\/td>\n<td colspan=\"2\"><a href=\"http:\/\/loegoelaes1234.mybrute.com\/cellule\" target=\"_blank\">loegoelaes1234<\/a><\/td>\n<td><a href=\"http:\/\/loegoelaes1234.mybrute.com\/arene\" target=\"_blank\">K\u00e4mpf!<\/a><\/td>\n<\/tr>\n<tr>\n<td>.<\/td>\n<td colspan=\"2\"><a href=\"http:\/\/lowskillerin.mybrute.com\/cellule\" target=\"_blank\">lowskillerin<\/a><\/td>\n<td><a href=\"http:\/\/lowskillerin.mybrute.com\/arene\" target=\"_blank\">K\u00e4mpf!<\/a><\/td>\n<\/tr>\n<tr>\n<td>.<\/td>\n<td colspan=\"2\"><a href=\"http:\/\/sashobash.mybrute.com\/cellule\" target=\"_blank\">sashobash<\/a><\/td>\n<td><a href=\"http:\/\/sashobash.mybrute.com\/arene\" target=\"_blank\">K\u00e4mpf!<\/a><\/td>\n<\/tr>\n<tr>\n<td>.<\/td>\n<td colspan=\"2\"><a href=\"http:\/\/smallbitch123456.mybrute.com\/cellule\" target=\"_blank\">smallbitch123456<\/a><\/td>\n<td><a href=\"http:\/\/smallbitch123456.mybrute.com\/arene\" target=\"_blank\">K\u00e4mpf!<\/a><\/td>\n<\/tr>\n<tr>\n<td>.<\/td>\n<td colspan=\"2\"><a href=\"http:\/\/typhoonert.mybrute.com\/cellule\" target=\"_blank\">typhoonert<\/a><\/td>\n<td><a href=\"http:\/\/typhoonert.mybrute.com\/arene\" target=\"_blank\">K\u00e4mpf!<\/a><\/td>\n<\/tr>\n<tr>\n<td>.<\/td>\n<td colspan=\"2\"><a href=\"http:\/\/cofemachine.mybrute.com\/cellule\" target=\"_blank\">cofemachine<\/a><\/td>\n<td><a href=\"http:\/\/cofemachine.mybrute.com\/arene\" target=\"_blank\">K\u00e4mpf!<\/a><\/td>\n<\/tr>\n<tr>\n<td>+<\/td>\n<td colspan=\"2\"><a href=\"http:\/\/baemmmmnm.mybrute.com\/cellule\" target=\"_blank\">baemmmmnm<\/a><\/td>\n<td><a href=\"http:\/\/baemmmmnm.mybrute.com\/arene\" target=\"_blank\">K\u00e4mpf!<\/a><\/td>\n<\/tr>\n<\/tbody>\n<\/table>\n","protected":false},"excerpt":{"rendered":"<p>Als Spielkind habe ich meine eigene Web-Stadt, die durch Seitenaufrufe w\u00e4chst: {minicity} Vom Gleichen Anbieter gibt es auch ein Kampfspiel: My Brute &#8230;und ich habe ein paar K\u00e4mpfer laufen: nickless1982 K\u00e4mpf! . balldragon K\u00e4mpf! . . nihaolinmoensch K\u00e4mpf! . kloekloen K\u00e4mpf! . loegoelaes1234 K\u00e4mpf! . lowskillerin K\u00e4mpf! . sashobash K\u00e4mpf! . smallbitch123456 K\u00e4mpf! . typhoonert [&hellip;]<\/p>\n","protected":false},"author":15,"featured_media":0,"parent":72,"menu_order":0,"comment_status":"open","ping_status":"closed","template":"","meta":{"footnotes":""},"class_list":["post-603","page","type-page","status-publish","hentry"],"_links":{"self":[{"href":"https:\/\/www.nikl3ss.de\/index.php?rest_route=\/wp\/v2\/pages\/603","targetHints":{"allow":["GET"]}}],"collection":[{"href":"https:\/\/www.nikl3ss.de\/index.php?rest_route=\/wp\/v2\/pages"}],"about":[{"href":"https:\/\/www.nikl3ss.de\/index.php?rest_route=\/wp\/v2\/types\/page"}],"author":[{"embeddable":true,"href":"https:\/\/www.nikl3ss.de\/index.php?rest_route=\/wp\/v2\/users\/15"}],"replies":[{"embeddable":true,"href":"https:\/\/www.nikl3ss.de\/index.php?rest_route=%2Fwp%2Fv2%2Fcomments&post=603"}],"version-history":[{"count":24,"href":"https:\/\/www.nikl3ss.de\/index.php?rest_route=\/wp\/v2\/pages\/603\/revisions"}],"predecessor-version":[{"id":793,"href":"https:\/\/www.nikl3ss.de\/index.php?rest_route=\/wp\/v2\/pages\/603\/revisions\/793"}],"up":[{"embeddable":true,"href":"https:\/\/www.nikl3ss.de\/index.php?rest_route=\/wp\/v2\/pages\/72"}],"wp:attachment":[{"href":"https:\/\/www.nikl3ss.de\/index.php?rest_route=%2Fwp%2Fv2%2Fmedia&parent=603"}],"curies":[{"name":"wp","href":"https:\/\/api.w.org\/{rel}","templated":true}]}}